[INFO] cloning repository https://github.com/avalon1610/wsl-auto-forward
[INFO] running `Command { std: "git" "-c" "credential.helper=" "-c" "credential.helper=/workspace/cargo-home/bin/git-credential-null" "clone" "--bare" "https://github.com/avalon1610/wsl-auto-forward" "/workspace/cache/git-repos/https%3A%2F%2Fgithub.com%2Favalon1610%2Fwsl-auto-forward", kill_on_drop: false }`
[INFO] [stderr] Cloning into bare repository '/workspace/cache/git-repos/https%3A%2F%2Fgithub.com%2Favalon1610%2Fwsl-auto-forward'...
[INFO] running `Command { std: "git" "rev-parse" "HEAD", kill_on_drop: false }`
[INFO] [stdout] fee656cbd5dbdbba46b7e78e6e4c19dc98087a49
[INFO] checking avalon1610/wsl-auto-forward against master#e6e4f7ed1589e03bc2f6c5931c1a72e7947e8682 for beta-170-4
[INFO] running `Command { std: "git" "clone" "/workspace/cache/git-repos/https%3A%2F%2Fgithub.com%2Favalon1610%2Fwsl-auto-forward" "/workspace/builds/worker-4-tc2/source", kill_on_drop: false }`
[INFO] [stderr] Cloning into '/workspace/builds/worker-4-tc2/source'...
[INFO] [stderr] done.
[INFO] validating manifest of git repo https://github.com/avalon1610/wsl-auto-forward on toolchain e6e4f7ed1589e03bc2f6c5931c1a72e7947e8682
[INFO] running `Command { std: CARGO_HOME="/workspace/cargo-home" RUSTUP_HOME="/workspace/rustup-home" "/workspace/cargo-home/bin/cargo" "+e6e4f7ed1589e03bc2f6c5931c1a72e7947e8682" "metadata" "--manifest-path" "Cargo.toml" "--no-deps", kill_on_drop: false }`
[INFO] removed /workspace/builds/worker-4-tc2/source/.cargo/config.toml
[INFO] started tweaking git repo https://github.com/avalon1610/wsl-auto-forward
[INFO] finished tweaking git repo https://github.com/avalon1610/wsl-auto-forward
[INFO] tweaked toml for git repo https://github.com/avalon1610/wsl-auto-forward written to /workspace/builds/worker-4-tc2/source/Cargo.toml
[INFO] crate git repo https://github.com/avalon1610/wsl-auto-forward already has a lockfile, it will not be regenerated
[INFO] running `Command { std: CARGO_HOME="/workspace/cargo-home" RUSTUP_HOME="/workspace/rustup-home" "/workspace/cargo-home/bin/cargo" "+e6e4f7ed1589e03bc2f6c5931c1a72e7947e8682" "fetch" "--manifest-path" "Cargo.toml", kill_on_drop: false }`
[INFO] running `Command { std: "docker" "create" "-v" "/var/lib/crater-agent-workspace/builds/worker-4-tc2/target:/opt/rustwide/target:rw,Z" "-v" "/var/lib/crater-agent-workspace/builds/worker-4-tc2/source:/opt/rustwide/workdir:ro,Z" "-v" "/var/lib/crater-agent-workspace/cargo-home:/opt/rustwide/cargo-home:ro,Z" "-v" "/var/lib/crater-agent-workspace/rustup-home:/opt/rustwide/rustup-home:ro,Z" "-e" "SOURCE_DIR=/opt/rustwide/workdir" "-e" "CARGO_TARGET_DIR=/opt/rustwide/target" "-e" "CARGO_HOME=/opt/rustwide/cargo-home" "-e" "RUSTUP_HOME=/opt/rustwide/rustup-home" "-w" "/opt/rustwide/workdir" "-m" "1610612736" "--user" "0:0" "--network" "none" "ghcr.io/rust-lang/crates-build-env/linux@sha256:19e73879b68f455e41552ea35293514db52ea292d993f571636dbffedb77a1ee" "/opt/rustwide/cargo-home/bin/cargo" "+e6e4f7ed1589e03bc2f6c5931c1a72e7947e8682" "metadata" "--no-deps" "--format-version=1", kill_on_drop: false }`
[INFO] [stdout] 78cafec02df52d25b150c586db2a6231534a823d37886819bc79c736bad4f795
[INFO] running `Command { std: "docker" "start" "-a" "78cafec02df52d25b150c586db2a6231534a823d37886819bc79c736bad4f795", kill_on_drop: false }`
[INFO] running `Command { std: "docker" "inspect" "78cafec02df52d25b150c586db2a6231534a823d37886819bc79c736bad4f795", kill_on_drop: false }`
[INFO] running `Command { std: "docker" "rm" "-f" "78cafec02df52d25b150c586db2a6231534a823d37886819bc79c736bad4f795", kill_on_drop: false }`
[INFO] [stdout] 78cafec02df52d25b150c586db2a6231534a823d37886819bc79c736bad4f795
[INFO] running `Command { std: "docker" "create" "-v" "/var/lib/crater-agent-workspace/builds/worker-4-tc2/target:/opt/rustwide/target:rw,Z" "-v" "/var/lib/crater-agent-workspace/builds/worker-4-tc2/source:/opt/rustwide/workdir:ro,Z" "-v" "/var/lib/crater-agent-workspace/cargo-home:/opt/rustwide/cargo-home:ro,Z" "-v" "/var/lib/crater-agent-workspace/rustup-home:/opt/rustwide/rustup-home:ro,Z" "-e" "SOURCE_DIR=/opt/rustwide/workdir" "-e" "CARGO_TARGET_DIR=/opt/rustwide/target" "-e" "CARGO_INCREMENTAL=0" "-e" "RUST_BACKTRACE=full" "-e" "RUSTFLAGS=--cap-lints=forbid" "-e" "RUSTDOCFLAGS=--cap-lints=forbid" "-e" "CARGO_HOME=/opt/rustwide/cargo-home" "-e" "RUSTUP_HOME=/opt/rustwide/rustup-home" "-w" "/opt/rustwide/workdir" "-m" "1610612736" "--user" "0:0" "--network" "none" "ghcr.io/rust-lang/crates-build-env/linux@sha256:19e73879b68f455e41552ea35293514db52ea292d993f571636dbffedb77a1ee" "/opt/rustwide/cargo-home/bin/cargo" "+e6e4f7ed1589e03bc2f6c5931c1a72e7947e8682" "check" "--frozen" "--all" "--all-targets" "--message-format=json", kill_on_drop: false }`
[INFO] [stdout] d435cdf8409d9c050f34e6aebcc0b86fc379610e18382fd5ea4d129ebafb4faf
[INFO] running `Command { std: "docker" "start" "-a" "d435cdf8409d9c050f34e6aebcc0b86fc379610e18382fd5ea4d129ebafb4faf", kill_on_drop: false }`
[INFO] [stderr]    Compiling proc-macro2 v1.0.40
[INFO] [stderr]    Compiling unicode-ident v1.0.1
[INFO] [stderr]    Compiling quote v1.0.20
[INFO] [stderr]    Compiling libc v0.2.126
[INFO] [stderr]    Compiling syn v1.0.98
[INFO] [stderr]    Compiling futures-core v0.3.25
[INFO] [stderr]    Compiling proc-macro-error-attr v1.0.4
[INFO] [stderr]    Compiling futures-channel v0.3.25
[INFO] [stderr]    Compiling lock_api v0.4.7
[INFO] [stderr]    Compiling proc-macro-error v1.0.4
[INFO] [stderr]    Compiling futures-util v0.3.25
[INFO] [stderr]    Compiling parking_lot_core v0.9.3
[INFO] [stderr]     Checking futures-sink v0.3.25
[INFO] [stderr]    Compiling unicode-segmentation v1.9.0
[INFO] [stderr]     Checking unicode-width v0.1.9
[INFO] [stderr]     Checking textwrap v0.11.0
[INFO] [stderr]     Checking vec_map v0.8.2
[INFO] [stderr]     Checking strsim v0.8.0
[INFO] [stderr]     Checking ansi_term v0.12.1
[INFO] [stderr]     Checking regex-syntax v0.6.26
[INFO] [stderr]    Compiling anyhow v1.0.58
[INFO] [stderr]     Checking bytes v1.1.0
[INFO] [stderr]    Compiling heck v0.3.3
[INFO] [stderr]     Checking once_cell v1.12.0
[INFO] [stderr]     Checking atty v0.2.14
[INFO] [stderr]     Checking num_cpus v1.13.1
[INFO] [stderr]     Checking mio v0.8.4
[INFO] [stderr]     Checking clap v2.34.0
[INFO] [stderr]     Checking signal-hook-registry v1.4.0
[INFO] [stderr]     Checking socket2 v0.4.4
[INFO] [stderr]     Checking parking_lot v0.12.1
[INFO] [stderr]    Compiling paste v1.0.9
[INFO] [stderr]     Checking regex v1.5.6
[INFO] [stderr]     Checking env_logger v0.9.0
[INFO] [stderr]    Compiling futures-macro v0.3.25
[INFO] [stderr]    Compiling tokio-macros v1.8.0
[INFO] [stderr]    Compiling structopt-derive v0.4.18
[INFO] [stderr]     Checking tokio v1.19.2
[INFO] [stderr]     Checking structopt v0.3.26
[INFO] [stderr]     Checking futures-executor v0.3.25
[INFO] [stderr]     Checking futures v0.3.25
[INFO] [stderr]     Checking wsl-auto-forward v0.2.1 (/opt/rustwide/workdir)
[INFO] [stdout] error[E0433]: failed to resolve: could not find `windows` in `os`
[INFO] [stdout]   --> src/main.rs:32:9
[INFO] [stdout]    |
[INFO] [stdout] 32 |     os::windows::process::CommandExt,
[INFO] [stdout]    |         ^^^^^^^ could not find `windows` in `os`
[INFO] [stdout] 
[INFO] [stdout] 
[INFO] [stdout] error[E0433]: failed to resolve: could not find `windows` in `os`
[INFO] [stdout]   --> src/main.rs:32:9
[INFO] [stdout]    |
[INFO] [stdout] 32 |     os::windows::process::CommandExt,
[INFO] [stdout]    |         ^^^^^^^ could not find `windows` in `os`
[INFO] [stdout] 
[INFO] [stdout] 
[INFO] [stdout] error[E0635]: unknown feature `windows_process_extensions_force_quotes`
[INFO] [stdout]   --> src/main.rs:22:12
[INFO] [stdout]    |
[INFO] [stdout] 22 | #![feature(windows_process_extensions_force_quotes)]
[INFO] [stdout]    |            ^^^^^^^^^^^^^^^^^^^^^^^^^^^^^^^^^^^^^^^
[INFO] [stdout] 
[INFO] [stdout] 
[INFO] [stdout] error[E0635]: unknown feature `windows_process_extensions_force_quotes`
[INFO] [stdout]   --> src/main.rs:22:12
[INFO] [stdout]    |
[INFO] [stdout] 22 | #![feature(windows_process_extensions_force_quotes)]
[INFO] [stdout]    |            ^^^^^^^^^^^^^^^^^^^^^^^^^^^^^^^^^^^^^^^
[INFO] [stdout] 
[INFO] [stdout] 
[INFO] [stdout] error[E0599]: no method named `force_quotes` found for mutable reference `&mut std::process::Command` in the current scope
[INFO] [stdout]   --> src/main.rs:82:14
[INFO] [stdout]    |
[INFO] [stdout] 80 |           let output = std::process::Command::new("bash")
[INFO] [stdout]    |  ______________________-
[INFO] [stdout] 81 | |             .args(&["-c", "netstat -an"])
[INFO] [stdout] 82 | |             .force_quotes(true)
[INFO] [stdout]    | |             -^^^^^^^^^^^^ method not found in `&mut Command`
[INFO] [stdout]    | |_____________|
[INFO] [stdout]    | 
[INFO] [stdout] 
[INFO] [stdout] 
[INFO] [stdout] error[E0599]: no method named `force_quotes` found for mutable reference `&mut std::process::Command` in the current scope
[INFO] [stdout]   --> src/main.rs:82:14
[INFO] [stdout]    |
[INFO] [stdout] 80 |           let output = std::process::Command::new("bash")
[INFO] [stdout]    |  ______________________-
[INFO] [stdout] 81 | |             .args(&["-c", "netstat -an"])
[INFO] [stdout] 82 | |             .force_quotes(true)
[INFO] [stdout]    | |             -^^^^^^^^^^^^ method not found in `&mut Command`
[INFO] [stdout]    | |_____________|
[INFO] [stdout]    | 
[INFO] [stdout] 
[INFO] [stdout] 
[INFO] [stdout] error: aborting due to 3 previous errors
[INFO] [stdout] 
[INFO] [stdout] 
[INFO] [stdout] Some errors have detailed explanations: E0433, E0599, E0635.
[INFO] [stdout] 
[INFO] [stdout] For more information about an error, try `rustc --explain E0433`.
[INFO] [stdout] 
[INFO] [stdout] error: aborting due to 3 previous errors
[INFO] [stdout] 
[INFO] [stdout] 
[INFO] [stdout] Some errors have detailed explanations: E0433, E0599, E0635.
[INFO] [stdout] 
[INFO] [stdout] For more information about an error, try `rustc --explain E0433`.
[INFO] [stdout] 
[INFO] [stderr] error: could not compile `wsl-auto-forward` (bin "wsl-auto-forward" test) due to 4 previous errors
[INFO] [stderr] warning: build failed, waiting for other jobs to finish...
[INFO] [stderr] error: could not compile `wsl-auto-forward` (bin "wsl-auto-forward") due to 4 previous errors
[INFO] running `Command { std: "docker" "inspect" "d435cdf8409d9c050f34e6aebcc0b86fc379610e18382fd5ea4d129ebafb4faf", kill_on_drop: false }`
[INFO] running `Command { std: "docker" "rm" "-f" "d435cdf8409d9c050f34e6aebcc0b86fc379610e18382fd5ea4d129ebafb4faf", kill_on_drop: false }`
[INFO] [stdout] d435cdf8409d9c050f34e6aebcc0b86fc379610e18382fd5ea4d129ebafb4faf
